 -5*y - 15 = 0, 5*y + 94 = 5*d - 1026. Let w = d + -127. Is w a prime number?
False
Let h(d) = 36 + 37 - 70 + 442*d. Is h(2) a composite number?
False
Is 23227/(-10 + (2 - -9)) prime?
True
Let i = 3090 + -1521. Suppose 6*x = i + 201. Is x a prime number?
False
Suppose -4*x + 144 = -3*x. Let t = -30 - -16. Let m = x - t. Is m a prime number?
False
Suppose 3*n + 1 = 4*n. Let x be n/(-2 + 22/10). Suppose -4*k = 12, 0 = 4*l - x*k + k - 3168. Is l composite?
True
Let a = -1065 - -2649. Suppose 0 = -3*f - d + 755, 0 = -4*f + 2*d - 584 + a. Is f a prime number?
True
Let f(h) = 585*h - 31. Let o(x) = -293*x + 16. Let v(n) = 3*f(n) + 7*o(n). Is v(-3) prime?
True
Suppose 2*g + 199804 = 4*d, 8*d - 5*g = 10*d - 99878. Is d prime?
False
Let j be 2090/8 + 4/(-16). Let l = 385 - j. Is l - ((-6)/2 + 0) a prime number?
True
Let m(i) = 7*i**2 - 13*i + 12. Let r be m(9). Let u = r + -285. Is u prime?
False
Let k be (10/4)/(2/4). Suppose 0 = -f + 3, -5*i - k*f + 18 = -7. Is 230/10*(i + -1) a composite number?
False
Let w(x) = -x**3 + 10*x**2 - 2*x + 5. Let s(b) = -7*b + 11*b**2 + b**3 + 2*b + 4 - 7*b. Let d be s(-12). Is w(d) composite?
True
Suppose 0 = 4*g - 2*i + 7*i + 4844, -3*g - 3*i - 3633 = 0. Let p = g - -2946. Is p a prime number?
False
Let g(o) be the third derivative of o**6/120 + 3*o**5/10 - 19*o**3/6 - 7*o**2. Suppose -5*q = 16 + 64. Is g(q) prime?
False
Suppose -2*m = 4*c - 5434, 12 = -5*m - 13. Is c a prime number?
True
Suppose -11*l + 22209 - 1672 = 0. Is l prime?
True
Suppose -20055 - 227521 = -8*r. Is r a prime number?
False
Let c = 698 + 319. Suppose c = 5*r + 4*v, -6*r + 11*r = -v + 1023. Is r composite?
True
Suppose 3*h = 4*f + 20, f + 5 = 6*h - h. Suppose -4*l - r + 4773 = h, -2*l = -l - 3*r - 1190. Is l a composite number?
False
Suppose -5*t = d - 19062, 4797 = 5*t - 2*d - 14274. Is t/6 - (-5)/(-10) a prime number?
False
Let z(q) = 7 - 8 - q + 56*q**2 - 2. Is z(-2) a prime number?
True
Suppose -3*t = -2*i - 9, -2*i + 4*i + 15 = 5*t. Suppose 2*w - 4*b - 1446 = 0, 0 = -4*w - t*b + 50 + 2820. Is w a prime number?
True
Suppose -58*f + 63*f = 0. Suppose q + 3 = 2*q. Suppose f = 3*h - 3*y - 390, h + h - 275 = -q*y. Is h a composite number?
True
Let v(o) = -o + 39. Let l be v(12). Let w = l - 31. Is ((-2)/(-4))/(w/(-1072)) a prime number?
False
Suppose -3*v + 7 = -2*v + 2*n, -v - 3*n + 8 = 0. Let s be -1 + 2 - (-1 + 0). Suppose 4*y - 426 = -s*l + 192, -v*y = 3*l - 926. Is l prime?
True
Let j be (4/5)/(2/15). Suppose 0 = -0*n + 2*n - j. Is ((-185)/n)/((-3)/9) a prime number?
False
Let d(l) be the second derivative of 163*l**3/2 - l**2 - l. Suppose 5*s + 2 - 7 = 0. Is d(s) prime?
True
Let d(v) = 29*v**3 - 3*v**2 + 4*v + 23. Is d(4) composite?
False
Let w(i) = -i**3 - 2*i**2 + 9*i + 5. Let a(z) = z**2 + 8*z + 5. Let j be a(-6). Is w(j) a composite number?
True
Let p be (13 - 6)*15/21. Suppose 4*f + 2647 = p*f. Is f a prime number?
True
Let d be -4 + 3/(9/6). Let m be 2*-3*(0 + d). Is 3/(-12) - (-951)/m prime?
True
Is 58*4/8*354/6 a composite number?
True
Suppose 20*a - 17315 = 104025. Is a composite?
False
Suppose -3*p = -6*p + 72. Let u = 26 - p. Suppose -u*v - 3*v + 3595 = 0. Is v composite?
False
Let q(c) = 3*c**2 - 20*c - 7. Let r be q(7). Suppose -2*u + o + 1362 = 0, -u - 2*u + 4*o + 2053 = r. Is u composite?
True
Suppose 3*d - 5649 = -2*j + 8416, -3*d = -9. Is j/12 - 5/(-15) a prime number?
False
Let c(d) = 32*d**2 + 1 - 31*d**2 + 3*d + 1 + 2*d**3. Let g be c(-1). Is 12/15*(-65)/g composite?
True
Let j(t) = 2*t**3 - t**2 - 2. Let q be j(-2). Let n(z) = z**3 + 8*z**2 + 3*z + 3. Let s be n(-6). Let i = s + q. Is i a prime number?
False
Let z(d) be the second derivative of d**5/20 + d**4/3 + 5*d**2/2 + 3*d. Let f be z(-4). Suppose f*g = -2*r + 77, -2*r + 5*g + 4 = -23. Is r a composite number?
True
Suppose c + 5*c = 18. Suppose -4*s = -c*s. Suppose -3*b + 617 + 772 = s. Is b a composite number?
False
Suppose -59 = -2*j + 3*l, -2*l = 5*j - 99 - 58. Suppose 4*f = 4*o + 54 + 70, 0 = f + o - j. Is f a prime number?
True
Let f(l) = -l**3 + 17*l**2 + 22*l - 11. Let s(j) = -2*j**2 + 24*j + 16. Let r be s(12). Is f(r) a prime number?
False
Let g = -8 + 22. Is (g/3 + -3)*633 a prime number?
False
Suppose -2*i = -5*c - 30, -71 - 4 = -5*i + 4*c. Let l(y) = -4*y + y - 16 + y**2 + i. Is l(-6) composite?
False
Let u(g) = -g**2 - 15*g + 18. Let o be u(-16). Let i = o + -2. Suppose i = 5*l - 348 + 13. Is l composite?
False
Suppose -5*r = -13*r + 7*r. Is 2007/27*(3 - r) a prime number?
True
Is 6/(-21) + (-35046)/(-14) composite?
False
Let p(v) = -v**2 + 13*v + 4. Let k be p(13). Suppose -212 = -2*a - k*i, 4*i - 110 = -a + i. Suppose -a - 8 = -2*c. Is c a prime number?
True
Suppose -1507 - 223 = -2*g. Suppose -6*k + k + g = 0. Suppose -208 - k = -y. Is y a prime number?
False
Is ((1603908/(-8))/9)/((-9)/6) prime?
True
Let n = -7702 - -2082. Let d = n + 8883. Is d a prime number?
False
Suppose -31 = -9*m + 1949. Let n = m - 41. Is n prime?
True
Suppose 0 = 3*z + 2*i + 2705, z + 286 + 612 = 3*i. Let n = -576 - z. Let q = 94 + n. Is q prime?
True
Let d(u) = u**3 + 2*u**2 + 2*u + 21953. Is d(0) composite?
True
Let v be (5 - (2 - -2))/(2/4). Suppose -r = 5*t - 1569, 3*t - r = v*t + 315. Is t prime?
False
Suppose 3*n - 9652 - 7531 = -4*g, -3*n + 3*g = -17190. Is n a prime number?
False
Let i be (-1 - -2) + -7*1. Let z = -21 + 31. Is 506/z - i/15 a prime number?
False
Suppose 4*x - 3*x - 189 = 3*k, 4*x + 5*k = 824. Is x composite?
True
Let l(o) be the second derivative of 79*o**5/20 + o**3/3 - o**2/2 + 4*o. Let r be l(1). Suppose 0 = -3*v - r + 749. Is v a prime number?
True
Let d = 477 + -705. Let t(s) = -s**2 - 40*s + 10. Let u be t(15). Let f = d - u. Is f a prime number?
True
Let g = -19006 + 36723. Is g a prime number?
False
Let t = 2288 + 1323. Is t a prime number?
False
Suppose -23*y - 267703 = -76*y. Is y composite?
False
Suppose -26 = -4*m + 2*o, 0*o + 5*o = -2*m - 5. Suppose 0 = m*h - 1182 - 73. Is h composite?
False
Let i be (-2)/((-6)/(-3)) - -3. Suppose -3*c - 2*a = -a - 1, i*a = -10. Suppose 3*o - 107 = -4*n, -3*o = -3*n - c - 91. Is o prime?
False
Let u(l) be the second derivative of -l**5/20 + 3*l**4/4 - 9*l**2/2 + 3*l. Is u(7) a prime number?
True
Suppose 0 = -0*j + 2*j - 3062. Is j composite?
False
Let z = 12 - -3. Suppose -5*i = z - 660. Is i a prime number?
False
Let p(g) = -634*g + 11. Let o(z) = 633*z - 13. Let d(b) = -2*o(b) - 3*p(b). Is d(3) composite?
False
Suppose 5*m + 216 = j, -11*j + 6*j + 975 = -4*m. Is j a composite number?
False
Suppose -728 = -b + 5*o, b + 4*o = -4*b + 3553. Is b a prime number?
False
Let d = 15 - 17. Let y be ((-56)/(-70))/(d/5). Is y - (-76 - (6 + -3)) a prime number?
False
Suppose -5*x + 32489 = -2*x + 4*y, 5*x + 5*y - 54150 = 0. Is x a prime number?
True
Let c(p) be the second derivative of -p**5/20 - 7*p**4/12 + 4*p**3/3 - 5*p**2/2 - 8*p. Let g be c(-8). Let k(z) = -39*z + 14. Is k(g) a composite number?
True
Let g(h) = -1257*h - 590. Is g(-77) composite?
False
Is 24 - -14755 - (2 - 8) prime?
False
Suppose 4*g - w = 2*w + 558, 703 = 5*g - w. Let i(m) = m**2 - 14*m + 16. Let a be i(13). Is a*(g + -2) - 4 a composite number?
True
Let p(i) = 2*i**3 - 2*i**2 - 13*i - 18. Is p(7) a composite number?
False
Is 12/96 + (-27911)/(-8) prime?
False
Suppose 12*r = 57574 + 33638. Let t = -3864 + r. Is t a prime number?
False
Is -6 + 402/66 + (-57826)/(-11) composite?
True
Suppose o = -g + 3*o + 643, 4*o + 20 = 0. Is g composite?
True
Let y be (-9)/(-3) - (-6)/(-4)*2. Suppose 754 = 3*n + 5*a - y*a, -5*n - 5*a + 1260 = 0. Is n a composite number?
True
Let a = -41 - 80. Let c = 372 + a. Is c a composite number?
False
Is (-438462)/(-14) + -17*(-18)/1071 prime?
True
Suppose i - 9 = 4*j + 7, -i - 2*j + 4 = 0. Let b = i - 117. Let d = 6 - b. Is d a composite number?
True
Is 3/(3/(-2)) - (-31330 - -93) a composite number?
True
Suppose -5*t + 15350 = -12*n + 15*n, 3*t - 9194 = -5*n. Is t prime?
False
Suppose -3*k = -0*m + 4*m - 1, 5*m + 39 = 2*k. Let c(q) = -q**2 + 7*q + 10. Let g be c(k). Let s = 0 + g. Is s a prime number?
False
Is 23378 - (2 + 3 + -2 + -2) composite?
True
Is ((-11272)/16)/((-5)/30) a composite number?
True
Suppose z + k - 1520 = 0, -4*z - 7621 = -9*z + 2*k. Is z prime?
True
Suppose 16*f = -545 + 9297. Is f a composi